sor of 10 and 473170.
10
Calculate the highest common divisor of 562623 and 7861.
1123
What is the highest common divisor of 40 and 173112?
8
What is the greatest common divisor of 1642024 and 24?
8
What is the highest common factor of 27776 and 2480?
496
Calculate the greatest common divisor of 928017 and 9.
9
Calculate the greatest common factor of 306714 and 30039.
1581
Calculate the highest common factor of 20066 and 2032.
254
What is the highest common divisor of 3917667 and 153?
51
What is the highest common factor of 9680 and 5760?
80
Calculate the highest common factor of 142304 and 288.
32
Calculate the highest common divisor of 416 and 212672.
32
Calculate the greatest common divisor of 20623 and 4527.
503
What is the greatest common divisor of 40 and 30785?
5
What is the highest common divisor of 172711 and 77?
77
Calculate the greatest common divisor of 427525 and 6125.
1225
What is the highest common divisor of 67638 and 6?
6
Calculate the highest common divisor of 63 and 23716.
7
What is the greatest common divisor of 63 and 888561?
9
What is the highest common divisor of 1623 and 57?
3
What is the greatest common factor of 143286 and 33?
33
What is the highest common factor of 1549 and 1?
1
Calculate the highest common divisor of 730 and 3518.
2
Calculate the highest common factor of 284825 and 25.
25
What is the greatest common divisor of 651 and 385516?
31
Calculate the greatest common factor of 49 and 9841.
1
Calculate the greatest common divisor of 82766 and 116.
58
What is the greatest common factor of 16 and 19664?
16
Calculate the greatest common divisor of 2346 and 1909.
23
Calculate the highest common divisor of 222800 and 1200.
400
Calculate the greatest common divisor of 3749 and 10921.
163
Calculate the highest common divisor of 2 and 1653.
1
Calculate the highest common factor of 11929 and 113681.
79
Calculate the greatest common divisor of 6368 and 7363.
199
What is the greatest common divisor of 12 and 63944?
4
What is the greatest common divisor of 5002 and 328?
82
What is the greatest common factor of 1375958 and 1329?
443
Calculate the greatest common divisor of 2794 and 118618.
254
Calculate the greatest common factor of 6266 and 286.
26
What is the highest common divisor of 4815 and 761733?
963
Calculate the greatest common divisor of 3044 and 490845.
761
What is the highest common divisor of 112 and 118202?
14
Calculate the highest common divisor of 6049 and 56143.
23
What is the highest common factor of 9335838 and 6?
6
Calculate the highest common divisor of 32 and 11448.
8
What is the highest common divisor of 210 and 15930?
30
What is the highest common divisor of 31099 and 27467?
227
What is the highest common factor of 494 and 8710?
26
Calculate the highest common factor of 170772 and 12733.
749
What is the greatest common factor of 72 and 347832?
72
What is the highest common factor of 9696 and 960?
96
Calculate the highest common divisor of 100 and 90.
10
What is the greatest common factor of 759 and 6693?
69
Calculate the highest common divisor of 3417 and 25125.
201
What is the highest common divisor of 488 and 8763016?
488
What is the greatest common divisor of 329 and 305641?
329
Calculate the greatest common divisor of 85 and 34765.
85
Calculate the greatest common divisor of 871 and 103337.
13
What is the greatest common factor of 36020 and 77443?
1801
What is the highest common divisor of 23435 and 430?
215
Calculate the highest common factor of 275 and 261250.
275
Calculate the greatest common divisor of 33 and 33330.
33
What is the highest common factor of 6 and 4299?
3
Calculate the highest common factor of 11767 and 14063.
287
What is the highest common divisor of 6314 and 45584?
154
Calculate the greatest common factor of 11583 and 42614.
143
Calculate the greatest common divisor of 594 and 82566.
594
Calculate the greatest common factor of 297 and 135594.
27
Calculate the greatest common divisor of 435 and 5551905.
435
What is the greatest common divisor of 2184 and 13272?
168
What is the highest common factor of 249 and 1707891?
249
What is the greatest common factor of 2869 and 96338?
151
Calculate the greatest common divisor of 24350 and 4930.
10
What is the greatest common factor of 1821456 and 278?
278
Calculate the highest common divisor of 13090 and 330.
110
What is the greatest common factor of 36 and 23022?
18
Calculate the highest common factor of 26312 and 858.
286
What is the highest common factor of 16809 and 91?
13
Calculate the highest common factor of 1109052 and 567.
567
What is the greatest common divisor of 138 and 40618?
46
What is the highest common factor of 109 and 191?
1
What is the greatest common factor of 1482665 and 380?
95
What is the highest common factor of 2985 and 150?
15
Calculate the greatest common factor of 15 and 18430.
5
Calculate the greatest common divisor of 143 and 21957.
13
Calculate the greatest common divisor of 5232 and 3072.
48
What is the greatest common divisor of 13231 and 6767?
101
What is the greatest common divisor of 4287 and 33?
3
Calculate the highest common factor of 31124 and 372.
124
What is the highest common factor of 571941 and 921?
921
Calculate the highest common divisor of 65 and 2940145.
65
Calculate the highest common divisor of 23 and 467843.
23
Calculate the highest common factor of 2380 and 74375.
595
Calculate the greatest common divisor of 3390 and 234362.
226
What is the greatest common factor of 5128720 and 32?
16
Calculate the highest common factor of 6363 and 468.
9
Calculate the highest common divisor of 1485 and 187.
11
Calculate the greatest common divisor of 404315 and 5.
5
What is the highest common factor of 11 and 54241?
11
What is the greatest common divisor of 1071 and 82569?
51
Calculate the highest common factor of 20928 and 5568.
192
Calculate the greatest common factor of 13 and 1710098.
13
What is the highest common divisor of 13712 and 14569?
857
What is the greatest common divisor of 23133 and 99?
33
Calculate the highest common divisor of 215850 and 15.
15
Calculate the greatest common factor of 2289391 and 793.
793
What is the highest common divisor of 995 and 7115245?
995
What is the highest common factor of 546 and 51688?
182
What is the highest common factor of 105040 and 130?
130
What is the greatest common factor of 31533 and 69007?
457
What is the highest common divisor of 1521 and 52?
13
Calculate the highest common factor of 466 and 1936.
2
What is the greatest common divisor of 209 and 6325?
11
What is the greatest common divisor of 5597103 and 1563?
1563
What is the highest common divisor of 2131061 and 1412?
353
Calculate the highest common divisor of 4917 and 66.
33
Calculate the greatest common factor of 32 and 2757848.
8
Calculate the highest common factor of 18 and 16137.
9
What is the greatest common divisor of 162 and 708426?
162
What is the highest common divisor of 2529 and 1179?
9
What is the highest common divisor of 2924 and 88752?
172
What is the highest common factor of 252 and 417564?
252
What is the greatest common divisor of 3670 and 6410?
10
What is the greatest common factor of 376 and 100?
4
What is the greatest common divisor of 80 and 29504?
16
Calculate the greatest common factor of 215 and 11485085.
215
Calculate the highest common divisor of 253930 and 402.
134
What is the highest common divisor of 17225 and 5830?
265
Calculate the highest common factor of 331752 and 506.
46
Calculate the highest common factor of 1065 and 7935.
15
What is the greatest common factor of 1892 and 4601?
43
Calculate the greatest common factor of 43157 and 103.
103
Calculate the greatest common divisor of 67660 and 2890.
170
What is the highest common factor of 121434 and 25709?
547
Calculate the greatest common divisor of 120 and 71544.
24
What is the highest common divisor of 718326 and 42?
42
What is the greatest common factor of 54918 and 1377?
81
Calculate the greatest common factor of 1032 and 899560.
344
What is the highest common factor of 13846 and 72?
2
What is the highest common factor of 9220 and 220?
20
What is the greatest common factor of 1764 and 11592?
252
What is the highest common factor of 78792 and 15946?
938
What is the greatest common factor of 35 and 21